{"id":117,"date":"2019-04-16T14:50:42","date_gmt":"2019-04-16T12:50:42","guid":{"rendered":"https:\/\/lugdunumascenseurs.com\/?page_id=117"},"modified":"2019-05-29T15:37:57","modified_gmt":"2019-05-29T13:37:57","slug":"nos-references","status":"publish","type":"page","link":"https:\/\/lugdunumascenseurs.com\/index.php\/nos-references\/","title":{"rendered":"Nos r\u00e9f\u00e9rences"},"content":{"rendered":"<p>[et_pb_section fb_built=\u00a0\u00bb1&Prime; admin_label=\u00a0\u00bbHero Section\u00a0\u00bb _builder_version=\u00a0\u00bb3.22.3&Prime; custom_padding=\u00a0\u00bb0|0px|0px|0px\u00a0\u00bb][et_pb_row use_custom_gutter=\u00a0\u00bbon\u00a0\u00bb custom_padding=\u00a0\u00bb0px|0|0px|\u00a0\u00bb make_equal=\u00a0\u00bbon\u00a0\u00bb background_color_2=\u00a0\u00bb#121212&Prime; bg_img_2=\u00a0\u00bbhttps:\/\/lugdunumascenseurs.com\/wp-content\/uploads\/2019\/04\/immeuble-3.jpg\u00a0\u00bb use_background_color_gradient_2=\u00a0\u00bbon\u00a0\u00bb background_color_gradient_start_2=\u00a0\u00bbrgba(18,18,18,0.5)\u00a0\u00bb background_color_gradient_end_2=\u00a0\u00bb#121212&Prime; background_color_gradient_overlays_image_2=\u00a0\u00bbon\u00a0\u00bb padding_top_1=\u00a0\u00bb200px\u00a0\u00bb padding_top_2=\u00a0\u00bb100px\u00a0\u00bb padding_right_1=\u00a0\u00bb4%\u00a0\u00bb padding_bottom_1=\u00a0\u00bb200px\u00a0\u00bb padding_bottom_2=\u00a0\u00bb100px\u00a0\u00bb padding_left_1=\u00a0\u00bb8%\u00a0\u00bb padding_1_tablet=\u00a0\u00bb60px|10%|60px|10%\u00a0\u00bb padding_2_tablet=\u00a0\u00bb60px||60px|\u00a0\u00bb padding_1_last_edited=\u00a0\u00bbon|tablet\u00a0\u00bb padding_2_last_edited=\u00a0\u00bbon|desktop\u00a0\u00bb _builder_version=\u00a0\u00bb3.22.3&Prime; width=\u00a0\u00bb100%\u00a0\u00bb max_width=\u00a0\u00bb100%\u00a0\u00bb use_custom_width=\u00a0\u00bbon\u00a0\u00bb width_unit=\u00a0\u00bboff\u00a0\u00bb custom_width_percent=\u00a0\u00bb100%\u00a0\u00bb][et_pb_column type=\u00a0\u00bb1_2&Prime; _builder_version=\u00a0\u00bb3.0.47&Prime;][et_pb_text _builder_version=\u00a0\u00bb3.21.4&Prime; text_font=\u00a0\u00bb||||||||\u00a0\u00bb header_font=\u00a0\u00bb||||||||\u00a0\u00bb header_text_color=\u00a0\u00bb#7a7d80&Prime; header_font_size=\u00a0\u00bb16px\u00a0\u00bb header_3_font=\u00a0\u00bbKarla|700||on|||||\u00a0\u00bb header_3_text_color=\u00a0\u00bbrgba(255,255,255,0.6)\u00a0\u00bb header_3_font_size=\u00a0\u00bb16px\u00a0\u00bb header_3_letter_spacing=\u00a0\u00bb1px\u00a0\u00bb background_layout=\u00a0\u00bbdark\u00a0\u00bb max_width=\u00a0\u00bb600px\u00a0\u00bb module_alignment=\u00a0\u00bbleft\u00a0\u00bb custom_margin=\u00a0\u00bb|||\u00a0\u00bb locked=\u00a0\u00bboff\u00a0\u00bb]<\/p>\n<h1>Nos r\u00e9f\u00e9rences<\/h1>\n<p>[\/et_pb_text][et_pb_text _builder_version=\u00a0\u00bb3.21.4&Prime; text_font=\u00a0\u00bb||||||||\u00a0\u00bb text_font_size=\u00a0\u00bb30px\u00a0\u00bb header_font=\u00a0\u00bb|700|||||||\u00a0\u00bb header_text_color=\u00a0\u00bb#cc2b2c\u00a0\u00bb header_2_font=\u00a0\u00bb||||||||\u00a0\u00bb header_2_text_color=\u00a0\u00bb#cc2b2c\u00a0\u00bb header_2_font_size=\u00a0\u00bb30px\u00a0\u00bb header_3_font=\u00a0\u00bbKarla|700||on|||||\u00a0\u00bb header_3_text_color=\u00a0\u00bb#c2ab92&Prime; header_3_font_size=\u00a0\u00bb16px\u00a0\u00bb header_3_letter_spacing=\u00a0\u00bb1px\u00a0\u00bb background_layout=\u00a0\u00bbdark\u00a0\u00bb max_width=\u00a0\u00bb600px\u00a0\u00bb module_alignment=\u00a0\u00bbleft\u00a0\u00bb custom_margin=\u00a0\u00bb||20px|\u00a0\u00bb locked=\u00a0\u00bboff\u00a0\u00bb]<\/p>\n<h2>LUGDUNUM ASCENSEURS<\/h2>\n<p>[\/et_pb_text][et_pb_text _builder_version=\u00a0\u00bb3.21.4&Prime; text_font=\u00a0\u00bbKarla||||||||\u00a0\u00bb header_font=\u00a0\u00bbCormorant Garamond||||||||\u00a0\u00bb header_font_size=\u00a0\u00bb56px\u00a0\u00bb header_font_size_tablet=\u00a0\u00bb40px\u00a0\u00bb header_font_size_last_edited=\u00a0\u00bbon|tablet\u00a0\u00bb header_line_height=\u00a0\u00bb1.4em\u00a0\u00bb header_2_font=\u00a0\u00bb||||||||\u00a0\u00bb header_2_text_color=\u00a0\u00bb#cc2b2c\u00a0\u00bb header_3_font=\u00a0\u00bb||||||||\u00a0\u00bb header_3_text_color=\u00a0\u00bb#cc2b2c\u00a0\u00bb header_3_font_size=\u00a0\u00bb26px\u00a0\u00bb text_orientation=\u00a0\u00bbjustified\u00a0\u00bb max_width=\u00a0\u00bb600px\u00a0\u00bb locked=\u00a0\u00bboff\u00a0\u00bb]<\/p>\n<h2>10 ans d&rsquo;expertise pour des clients aux quatre coins de la France<\/h2>\n<p>&nbsp;<\/p>\n<p>Des fondations \u00e0 la maintenance technique, nous vous accompagnons de A \u00e0 Z dans la mise en oeuvre de vos projets ascenseurs et de monte-voiture. Notre seul pr\u00e9occupation est la satisfaction compl\u00e8te du client et parce qu\u2019une image vaut mille mots, d\u00e9couvrez ci-dessous une s\u00e9lection de r\u00e9alisations sign\u00e9es Lugdunum Ascenseurs.<\/p>\n<p>[\/et_pb_text][\/et_pb_column][et_pb_column type=\u00a0\u00bb1_2&Prime; _builder_version=\u00a0\u00bb3.0.47&Prime;][et_pb_image src=\u00a0\u00bbhttps:\/\/lugdunumascenseurs.com\/wp-content\/uploads\/2019\/04\/immeuble-3.jpg\u00a0\u00bb _builder_version=\u00a0\u00bb3.21.4&Prime; box_shadow_style=\u00a0\u00bbpreset3&Prime; box_shadow_blur=\u00a0\u00bb80px\u00a0\u00bb max_width=\u00a0\u00bb600px\u00a0\u00bb max_width_last_edited=\u00a0\u00bbon|desktop\u00a0\u00bb custom_margin=\u00a0\u00bb|||-8%\u00a0\u00bb custom_margin_tablet=\u00a0\u00bb60px|60px|60px|60px\u00a0\u00bb custom_margin_last_edited=\u00a0\u00bbon|desktop\u00a0\u00bb custom_padding=\u00a0\u00bb|||\u00a0\u00bb animation_style=\u00a0\u00bbslide\u00a0\u00bb animation_direction=\u00a0\u00bbright\u00a0\u00bb animation_intensity_slide=\u00a0\u00bb4%\u00a0\u00bb animation_starting_opacity=\u00a0\u00bb50%\u00a0\u00bb][\/et_pb_image][\/et_pb_column][\/et_pb_row][\/et_pb_section][et_pb_section fb_built=\u00a0\u00bb1&Prime; _builder_version=\u00a0\u00bb3.22.3&Prime;][et_pb_row make_equal=\u00a0\u00bbon\u00a0\u00bb background_color_1=\u00a0\u00bb#cc2b2c\u00a0\u00bb module_class=\u00a0\u00bb et_pb_row_fullwidth\u00a0\u00bb _builder_version=\u00a0\u00bb3.22.3&Prime; width=\u00a0\u00bb89%\u00a0\u00bb width_tablet=\u00a0\u00bb80%\u00a0\u00bb width_last_edited=\u00a0\u00bbon|desktop\u00a0\u00bb max_width=\u00a0\u00bb89%\u00a0\u00bb max_width_tablet=\u00a0\u00bb80%\u00a0\u00bb max_width_last_edited=\u00a0\u00bbon|desktop\u00a0\u00bb make_fullwidth=\u00a0\u00bbon\u00a0\u00bb][et_pb_column type=\u00a0\u00bb1_4&Prime; _builder_version=\u00a0\u00bb3.21.4&Prime;][\/et_pb_column][et_pb_column type=\u00a0\u00bb1_2&Prime; _builder_version=\u00a0\u00bb3.21.4&Prime;][et_pb_text _builder_version=\u00a0\u00bb3.21.4&Prime; header_font=\u00a0\u00bb||||||||\u00a0\u00bb header_2_font=\u00a0\u00bb||||||||\u00a0\u00bb header_2_font_size=\u00a0\u00bb30px\u00a0\u00bb]<\/p>\n<h2>ILS NOUS ONT FAIT CONFIANCE<\/h2>\n<p>[\/et_pb_text][\/et_pb_column][et_pb_column type=\u00a0\u00bb1_4&Prime; _builder_version=\u00a0\u00bb3.21.4&Prime;][\/et_pb_column][\/et_pb_row][\/et_pb_section][et_pb_section fb_built=\u00a0\u00bb1&Prime; _builder_version=\u00a0\u00bb3.22.3&Prime;][et_pb_row make_equal=\u00a0\u00bbon\u00a0\u00bb module_class=\u00a0\u00bb et_pb_row_fullwidth\u00a0\u00bb _builder_version=\u00a0\u00bb3.22.3&Prime; width=\u00a0\u00bb89%\u00a0\u00bb width_tablet=\u00a0\u00bb80%\u00a0\u00bb width_last_edited=\u00a0\u00bbon|desktop\u00a0\u00bb max_width=\u00a0\u00bb89%\u00a0\u00bb max_width_tablet=\u00a0\u00bb80%\u00a0\u00bb max_width_last_edited=\u00a0\u00bbon|desktop\u00a0\u00bb make_fullwidth=\u00a0\u00bbon\u00a0\u00bb][et_pb_column type=\u00a0\u00bb1_3&Prime; _builder_version=\u00a0\u00bb3.21.4&Prime;][et_pb_image src=\u00a0\u00bbhttps:\/\/lugdunumascenseurs.com\/wp-content\/uploads\/2019\/04\/ascenseur-la-gramonerie-pont-de-cheruy.jpg\u00a0\u00bb _builder_version=\u00a0\u00bb3.21.4&Prime; custom_margin=\u00a0\u00bb||0px\u00a0\u00bb custom_padding=\u00a0\u00bb||0px\u00a0\u00bb][\/et_pb_image][et_pb_toggle title=\u00a0\u00bbLa Gramonerie, Pont de Cheruy (38) &#8211; Ascenseur vitr\u00e9 ext\u00e9rieur\u00a0\u00bb open_toggle_text_color=\u00a0\u00bb#ffffff\u00a0\u00bb open_toggle_background_color=\u00a0\u00bb#373c47&Prime; closed_toggle_text_color=\u00a0\u00bb#ffffff\u00a0\u00bb closed_toggle_background_color=\u00a0\u00bb#373c47&Prime; icon_color=\u00a0\u00bb#cc2b2c\u00a0\u00bb _builder_version=\u00a0\u00bb3.21.4&Prime; body_font=\u00a0\u00bb||||||||\u00a0\u00bb body_text_color=\u00a0\u00bb#ffffff\u00a0\u00bb custom_margin=\u00a0\u00bb0px||\u00a0\u00bb custom_padding=\u00a0\u00bb||\u00a0\u00bb]<\/p>\n<p>Suite \u00e0 la r\u00e9novation de ce lieu charg\u00e9 d\u2019histoire et illustrant un aspect industriel, Lugdunum a r\u00e9alis\u00e9 la conception d\u2019un ascenseur ext\u00e9rieur avec un panorama vitr\u00e9 ext\u00e9rieur. L\u2019am\u00e9nagement de l\u2019ascenseur a n\u00e9cessit\u00e9 2 mois de travail.<\/p>\n<p>[\/et_pb_toggle][\/et_pb_column][et_pb_column type=\u00a0\u00bb1_3&Prime; _builder_version=\u00a0\u00bb3.21.4&Prime;][et_pb_image src=\u00a0\u00bbhttps:\/\/lugdunumascenseurs.com\/wp-content\/uploads\/2019\/04\/ascenseur-centre-commercial.jpg\u00a0\u00bb _builder_version=\u00a0\u00bb3.21.4&Prime; custom_margin=\u00a0\u00bb||0px\u00a0\u00bb custom_padding=\u00a0\u00bb||0px\u00a0\u00bb][\/et_pb_image][et_pb_toggle title=\u00a0\u00bbCentre commercial &#8211; Ascenseur avec vantaux vitr\u00e9\u00a0\u00bb open_toggle_text_color=\u00a0\u00bb#ffffff\u00a0\u00bb open_toggle_background_color=\u00a0\u00bb#373c47&Prime; closed_toggle_text_color=\u00a0\u00bb#ffffff\u00a0\u00bb closed_toggle_background_color=\u00a0\u00bb#373c47&Prime; icon_color=\u00a0\u00bb#cc2b2c\u00a0\u00bb _builder_version=\u00a0\u00bb3.21.4&Prime; body_font=\u00a0\u00bb||||||||\u00a0\u00bb body_text_color=\u00a0\u00bb#ffffff\u00a0\u00bb custom_margin=\u00a0\u00bb0px||\u00a0\u00bb custom_padding=\u00a0\u00bb||\u00a0\u00bb]<\/p>\n<p>Face \u00e0 l\u2019afflux des soldes, l\u2019entreprise Ludgunum Ascenseurs a r\u00e9alis\u00e9 un ascenseur avec une porte automatique avec vantaux vitr\u00e9s. Les utilisateurs peuvent donc profiter de la vue panoramique que propose le site. Habill\u00e9 de ces parties chrom\u00e9es, l\u2019ascenseur se fond parfaitement dans le d\u00e9cor et souligne le raffinement du centre commercial.<\/p>\n<p>[\/et_pb_toggle][\/et_pb_column][et_pb_column type=\u00a0\u00bb1_3&Prime; _builder_version=\u00a0\u00bb3.21.4&Prime;][et_pb_image src=\u00a0\u00bbhttps:\/\/lugdunumascenseurs.com\/wp-content\/uploads\/2019\/04\/monte-voiture-range-rover-frejus.jpg\u00a0\u00bb _builder_version=\u00a0\u00bb3.21.4&Prime; custom_margin=\u00a0\u00bb||0px\u00a0\u00bb custom_padding=\u00a0\u00bb||0px\u00a0\u00bb][\/et_pb_image][et_pb_toggle title=\u00a0\u00bbJaguar \/ Range Rover, Fr\u00e9jus &#8211; Monte-voiture\u00a0\u00bb open_toggle_text_color=\u00a0\u00bb#ffffff\u00a0\u00bb open_toggle_background_color=\u00a0\u00bb#373c47&Prime; closed_toggle_text_color=\u00a0\u00bb#ffffff\u00a0\u00bb closed_toggle_background_color=\u00a0\u00bb#373c47&Prime; icon_color=\u00a0\u00bb#cc2b2c\u00a0\u00bb _builder_version=\u00a0\u00bb3.21.4&Prime; body_font=\u00a0\u00bb||||||||\u00a0\u00bb body_text_color=\u00a0\u00bb#ffffff\u00a0\u00bb custom_margin=\u00a0\u00bb0px||\u00a0\u00bb custom_padding=\u00a0\u00bb||\u00a0\u00bb]<\/p>\n<p>Particuliers et professionnels font appel aux services de Lugdunum, comme la concession automobile Jaguar \/ Range-Rover qui a fait appel \u00e0 Lugdunum pour r\u00e9soudre un probl\u00e8me de place. Construite en hauteur afin d\u2019optimiser la surface au sol, la construction d&rsquo;un monte-voiture s\u2019est av\u00e9r\u00e9 plus efficace qu\u2019une rampe. Ainsi un moyen de transport vertical est l\u2019option privil\u00e9gi\u00e9e.<\/p>\n<p>\u00c0 l&rsquo;aide d\u2019un syst\u00e8me hydraulique, l\u2019ascenseur a \u00e9t\u00e9 con\u00e7u sp\u00e9cifiquement pour la concession automobile. De par sa capacit\u00e9 de charge de 2,7\u00a0T, la concession Fr\u00e9jussienne peut donc d\u00e9placer ses v\u00e9hicules selon ses envies sans perte de place au sol.<\/p>\n<p>[\/et_pb_toggle][\/et_pb_column][\/et_pb_row][et_pb_row make_equal=\u00a0\u00bbon\u00a0\u00bb module_class=\u00a0\u00bb et_pb_row_fullwidth\u00a0\u00bb _builder_version=\u00a0\u00bb3.22.3&Prime; width=\u00a0\u00bb89%\u00a0\u00bb width_tablet=\u00a0\u00bb80%\u00a0\u00bb width_last_edited=\u00a0\u00bbon|desktop\u00a0\u00bb max_width=\u00a0\u00bb89%\u00a0\u00bb max_width_tablet=\u00a0\u00bb80%\u00a0\u00bb max_width_last_edited=\u00a0\u00bbon|desktop\u00a0\u00bb make_fullwidth=\u00a0\u00bbon\u00a0\u00bb][et_pb_column type=\u00a0\u00bb1_3&Prime; _builder_version=\u00a0\u00bb3.21.4&Prime;][et_pb_image src=\u00a0\u00bbhttps:\/\/lugdunumascenseurs.com\/wp-content\/uploads\/2019\/04\/monte-voiture-hotel-cheval-blanc-st-tropez.jpg\u00a0\u00bb _builder_version=\u00a0\u00bb3.21.4&Prime; custom_margin=\u00a0\u00bb||0px\u00a0\u00bb custom_padding=\u00a0\u00bb||0px\u00a0\u00bb][\/et_pb_image][et_pb_toggle title=\u00a0\u00bbH\u00f4tel Cheval Blanc, St-Tropez &#8211; Monte-voiture\u00a0\u00bb open_toggle_text_color=\u00a0\u00bb#ffffff\u00a0\u00bb open_toggle_background_color=\u00a0\u00bb#373c47&Prime; closed_toggle_text_color=\u00a0\u00bb#ffffff\u00a0\u00bb closed_toggle_background_color=\u00a0\u00bb#373c47&Prime; icon_color=\u00a0\u00bb#cc2b2c\u00a0\u00bb _builder_version=\u00a0\u00bb3.21.4&Prime; body_font=\u00a0\u00bb||||||||\u00a0\u00bb body_text_color=\u00a0\u00bb#ffffff\u00a0\u00bb custom_margin=\u00a0\u00bb0px||\u00a0\u00bb custom_padding=\u00a0\u00bb||\u00a0\u00bb]<\/p>\n<p>Suite \u00e0 la construction de l\u2019H\u00f4tel, Lugdunum a r\u00e9alis\u00e9 un monte-charge \u00e0 trappe permettant \u00e0 l\u2019h\u00f4tel de recevoir et donc de descendre directement le vin de l\u2019h\u00f4tel au sous-sol. Pour ce projet, les travaux ont n\u00e9cessit\u00e9 2\/3 semaines.<\/p>\n<p>[\/et_pb_toggle][\/et_pb_column][et_pb_column type=\u00a0\u00bb1_3&Prime; _builder_version=\u00a0\u00bb3.21.4&Prime;][et_pb_image src=\u00a0\u00bbhttps:\/\/lugdunumascenseurs.com\/wp-content\/uploads\/2019\/04\/decoupe-marche-pour-creation-ascenseur.jpg\u00a0\u00bb _builder_version=\u00a0\u00bb3.21.4&Prime; custom_margin=\u00a0\u00bb||0px\u00a0\u00bb custom_padding=\u00a0\u00bb||0px\u00a0\u00bb][\/et_pb_image][et_pb_toggle title=\u00a0\u00bbD\u00e9coupe de marches pour cr\u00e9ation d&rsquo;ascenseur\u00a0\u00bb open_toggle_text_color=\u00a0\u00bb#ffffff\u00a0\u00bb open_toggle_background_color=\u00a0\u00bb#373c47&Prime; closed_toggle_text_color=\u00a0\u00bb#ffffff\u00a0\u00bb closed_toggle_background_color=\u00a0\u00bb#373c47&Prime; icon_color=\u00a0\u00bb#cc2b2c\u00a0\u00bb _builder_version=\u00a0\u00bb3.22.5&Prime; body_font=\u00a0\u00bb||||||||\u00a0\u00bb body_text_color=\u00a0\u00bb#ffffff\u00a0\u00bb custom_margin=\u00a0\u00bb0px||\u00a0\u00bb custom_padding=\u00a0\u00bb||\u00a0\u00bb]<\/p>\n<p>Suite \u00e0 la r\u00e9novation d\u2019un hall d\u2019immeuble, Lugdunum est intervenu pour la r\u00e9alisation d\u2019un ascenseur d\u2019int\u00e9rieur dans un ancien immeuble. Il a \u00e9t\u00e9 n\u00e9cessaire \u00e0 l\u2019entreprise de d\u00e9couper les marches afin de cr\u00e9er l\u2019espace n\u00e9cessaire pour la cr\u00e9ation de l\u2019ascenseur. Lugdunum ascenseurs a donc r\u00e9alis\u00e9 un ascenseur avec moteur et vitr\u00e9 en int\u00e9rieur au c\u0153ur de l\u2019escalier existant, sans avoir \u00e0 modifier les fa\u00e7ades par une installation ext\u00e9rieure.<\/p>\n<p>[\/et_pb_toggle][\/et_pb_column][et_pb_column type=\u00a0\u00bb1_3&Prime; _builder_version=\u00a0\u00bb3.21.4&Prime;][et_pb_image src=\u00a0\u00bbhttps:\/\/lugdunumascenseurs.com\/wp-content\/uploads\/2019\/04\/monte-voiture-fondation-flaujac-monaco.jpg\u00a0\u00bb _builder_version=\u00a0\u00bb3.21.4&Prime; custom_margin=\u00a0\u00bb||0px\u00a0\u00bb custom_padding=\u00a0\u00bb||0px\u00a0\u00bb][\/et_pb_image][et_pb_toggle title=\u00a0\u00bbFondation Flaujac, Monaco &#8211; Monte-voiture\u00a0\u00bb open_toggle_text_color=\u00a0\u00bb#ffffff\u00a0\u00bb open_toggle_background_color=\u00a0\u00bb#373c47&Prime; closed_toggle_text_color=\u00a0\u00bb#ffffff\u00a0\u00bb closed_toggle_background_color=\u00a0\u00bb#373c47&Prime; icon_color=\u00a0\u00bb#cc2b2c\u00a0\u00bb _builder_version=\u00a0\u00bb3.21.4&Prime; body_font=\u00a0\u00bb||||||||\u00a0\u00bb body_text_color=\u00a0\u00bb#ffffff\u00a0\u00bb custom_margin=\u00a0\u00bb0px||\u00a0\u00bb custom_padding=\u00a0\u00bb||\u00a0\u00bb]<\/p>\n<p>Suite \u00e0 l\u2019agrandissement de sa maison, un particulier souhaitait un monte-voiture afin de faciliter son stationnement. Pour ce projet, l\u2019\u00e9quipe Lugdunum a cr\u00e9\u00e9 un monte voiture hydraulique a effacement vertical. C\u2019est-\u00e0-dire que le monte voiture dispara\u00eet compl\u00e8tement avec la voiture lorsqu\u2019il se range de mani\u00e8re verticale sous terre, l\u2019espace de stationnement devenant ainsi invisible \u00e0 un \u0153il non averti.<\/p>\n<p>[\/et_pb_toggle][\/et_pb_column][\/et_pb_row][et_pb_row make_equal=\u00a0\u00bbon\u00a0\u00bb module_class=\u00a0\u00bb et_pb_row_fullwidth\u00a0\u00bb _builder_version=\u00a0\u00bb3.22.3&Prime; width=\u00a0\u00bb89%\u00a0\u00bb width_tablet=\u00a0\u00bb80%\u00a0\u00bb width_last_edited=\u00a0\u00bbon|desktop\u00a0\u00bb max_width=\u00a0\u00bb89%\u00a0\u00bb max_width_tablet=\u00a0\u00bb80%\u00a0\u00bb max_width_last_edited=\u00a0\u00bbon|desktop\u00a0\u00bb make_fullwidth=\u00a0\u00bbon\u00a0\u00bb][et_pb_column type=\u00a0\u00bb1_3&Prime; _builder_version=\u00a0\u00bb3.21.4&Prime;][et_pb_image src=\u00a0\u00bbhttps:\/\/lugdunumascenseurs.com\/wp-content\/uploads\/2019\/04\/ascenseur-panoramique.jpg\u00a0\u00bb _builder_version=\u00a0\u00bb3.21.4&Prime; custom_margin=\u00a0\u00bb||0px\u00a0\u00bb custom_padding=\u00a0\u00bb||0px\u00a0\u00bb][\/et_pb_image][et_pb_toggle title=\u00a0\u00bbLyon (69) &#8211; Ascenseur panoramique\u00a0\u00bb open_toggle_text_color=\u00a0\u00bb#ffffff\u00a0\u00bb open_toggle_background_color=\u00a0\u00bb#373c47&Prime; closed_toggle_text_color=\u00a0\u00bb#ffffff\u00a0\u00bb closed_toggle_background_color=\u00a0\u00bb#373c47&Prime; icon_color=\u00a0\u00bb#cc2b2c\u00a0\u00bb _builder_version=\u00a0\u00bb3.21.4&Prime; body_font=\u00a0\u00bb||||||||\u00a0\u00bb body_text_color=\u00a0\u00bb#ffffff\u00a0\u00bb custom_margin=\u00a0\u00bb0px||\u00a0\u00bb custom_padding=\u00a0\u00bb||\u00a0\u00bb]<\/p>\n<p>Lors de cette r\u00e9alisation, l\u2019entreprise a fait appel \u00e0 sa cr\u00e9ativit\u00e9 et \u00e0 son professionnalisme pour cr\u00e9er un ascenseur panoramique d\u2019int\u00e9rieur. \u00c0 l&rsquo;aide de, l\u2019ascenseur illustre un am\u00e9nagement lumineux pour l\u2019immeuble.\u00a0<\/p>\n<p>[\/et_pb_toggle][\/et_pb_column][et_pb_column type=\u00a0\u00bb1_3&Prime; _builder_version=\u00a0\u00bb3.21.4&Prime;][et_pb_image src=\u00a0\u00bbhttps:\/\/lugdunumascenseurs.com\/wp-content\/uploads\/2019\/04\/monte-voiture-lyon.jpg\u00a0\u00bb _builder_version=\u00a0\u00bb3.21.4&Prime; custom_margin=\u00a0\u00bb||0px\u00a0\u00bb custom_padding=\u00a0\u00bb||0px\u00a0\u00bb][\/et_pb_image][et_pb_toggle title=\u00a0\u00bbLyon (69) &#8211; Monte-voiture\u00a0\u00bb open_toggle_text_color=\u00a0\u00bb#ffffff\u00a0\u00bb open_toggle_background_color=\u00a0\u00bb#373c47&Prime; closed_toggle_text_color=\u00a0\u00bb#ffffff\u00a0\u00bb closed_toggle_background_color=\u00a0\u00bb#373c47&Prime; icon_color=\u00a0\u00bb#cc2b2c\u00a0\u00bb _builder_version=\u00a0\u00bb3.21.4&Prime; body_font=\u00a0\u00bb||||||||\u00a0\u00bb body_text_color=\u00a0\u00bb#ffffff\u00a0\u00bb custom_margin=\u00a0\u00bb0px||\u00a0\u00bb custom_padding=\u00a0\u00bb||\u00a0\u00bb]<\/p>\n<p>Particulier et professionnel peuvent nous faire appel pour la confection d\u2019un monte-voiture. Cet outil facilitant le transport vertical d\u2019un v\u00e9hicule est un am\u00e9nagement pouvant \u00eatre r\u00e9alis\u00e9 lors de la cr\u00e9ation d\u2019un nouveau b\u00e2timent.\u00a0 Par cette demande, l\u2019\u00e9quipe de Lugdunum Ascenseur a donc r\u00e9alis\u00e9 un monte voiture hydraulique sur 2 niveaux, permettant ainsi un gain par rapport \u00e0 une solution plus classique comme une rampe d\u2019acc\u00e8s.<\/p>\n<p>[\/et_pb_toggle][\/et_pb_column][et_pb_column type=\u00a0\u00bb1_3&Prime; _builder_version=\u00a0\u00bb3.21.4&Prime;][\/et_pb_column][\/et_pb_row][\/et_pb_section][et_pb_section fb_built=\u00a0\u00bb1&Prime; _builder_version=\u00a0\u00bb3.21.4&Prime; background_image=\u00a0\u00bbhttps:\/\/lugdunumascenseurs.com\/wp-content\/uploads\/2019\/04\/bg-footer.png\u00a0\u00bb custom_padding=\u00a0\u00bb0px||0px\u00a0\u00bb global_module=\u00a0\u00bb178&Prime; saved_tabs=\u00a0\u00bball\u00a0\u00bb][et_pb_row make_equal=\u00a0\u00bbon\u00a0\u00bb module_class=\u00a0\u00bb et_pb_row_fullwidth\u00a0\u00bb _builder_version=\u00a0\u00bb3.22.3&Prime; width=\u00a0\u00bb89%\u00a0\u00bb width_tablet=\u00a0\u00bb80%\u00a0\u00bb width_last_edited=\u00a0\u00bbon|desktop\u00a0\u00bb max_width=\u00a0\u00bb89%\u00a0\u00bb max_width_tablet=\u00a0\u00bb80%\u00a0\u00bb max_width_last_edited=\u00a0\u00bbon|desktop\u00a0\u00bb make_fullwidth=\u00a0\u00bbon\u00a0\u00bb][et_pb_column type=\u00a0\u00bb1_4&Prime; _builder_version=\u00a0\u00bb3.21.4&Prime;][\/et_pb_column][et_pb_column type=\u00a0\u00bb1_4&Prime; _builder_version=\u00a0\u00bb3.21.4&Prime;][et_pb_image src=\u00a0\u00bbhttps:\/\/lugdunumascenseurs.com\/wp-content\/uploads\/2019\/04\/logo-footer.png\u00a0\u00bb _builder_version=\u00a0\u00bb3.21.4&Prime;][\/et_pb_image][et_pb_button button_url=\u00a0\u00bb#\u00a0\u00bb button_text=\u00a0\u00bbContact\u00a0\u00bb button_alignment=\u00a0\u00bbleft\u00a0\u00bb _builder_version=\u00a0\u00bb3.21.4&Prime; custom_button=\u00a0\u00bbon\u00a0\u00bb button_text_size=\u00a0\u00bb18px\u00a0\u00bb button_text_color=\u00a0\u00bb#ffffff\u00a0\u00bb button_bg_color=\u00a0\u00bbrgba(255,255,255,0)\u00a0\u00bb button_border_color=\u00a0\u00bb#ffffff\u00a0\u00bb button_border_radius=\u00a0\u00bb5px\u00a0\u00bb button_font=\u00a0\u00bb|||on|||||\u00a0\u00bb button_icon_color=\u00a0\u00bb#ffffff\u00a0\u00bb custom_css_main_element=\u00a0\u00bbwidth:65%;||text-align:center;\u00a0\u00bb][\/et_pb_button][\/et_pb_column][et_pb_column type=\u00a0\u00bb1_4&Prime; _builder_version=\u00a0\u00bb3.21.4&Prime;][et_pb_text _builder_version=\u00a0\u00bb3.21.4&Prime; text_font=\u00a0\u00bb||||||||\u00a0\u00bb text_text_color=\u00a0\u00bb#ffffff\u00a0\u00bb]<\/p>\n<p><strong>06 24 10 51 97<\/strong><\/p>\n<p>497 chemin de Poulieu &#8211; Le Regain<\/p>\n<p>38540 Grenay<\/p>\n<p>contact@lugdunumascenseurs.com<\/p>\n<p>[\/et_pb_text][\/et_pb_column][et_pb_column type=\u00a0\u00bb1_4&Prime; _builder_version=\u00a0\u00bb3.21.4&Prime;][\/et_pb_column][\/et_pb_row][\/et_pb_section]<\/p>\n","protected":false},"excerpt":{"rendered":"<p>Nos r\u00e9f\u00e9rencesLUGDUNUM ASCENSEURS10 ans d&rsquo;expertise pour des clients aux quatre coins de la France &nbsp; Des fondations \u00e0 la maintenance technique, nous vous accompagnons de A \u00e0 Z dans la mise en oeuvre de vos projets ascenseurs et de monte-voiture. Notre seul pr\u00e9occupation est la satisfaction compl\u00e8te du client et parce qu\u2019une image vaut mille [&hellip;]<\/p>\n","protected":false},"author":1,"featured_media":0,"parent":0,"menu_order":0,"comment_status":"closed","ping_status":"closed","template":"","meta":{"_et_pb_use_builder":"on","_et_pb_old_content":"","_et_gb_content_width":""},"_links":{"self":[{"href":"https:\/\/lugdunumascenseurs.com\/index.php\/wp-json\/wp\/v2\/pages\/117"}],"collection":[{"href":"https:\/\/lugdunumascenseurs.com\/index.php\/wp-json\/wp\/v2\/pages"}],"about":[{"href":"https:\/\/lugdunumascenseurs.com\/index.php\/wp-json\/wp\/v2\/types\/page"}],"author":[{"embeddable":true,"href":"https:\/\/lugdunumascenseurs.com\/index.php\/wp-json\/wp\/v2\/users\/1"}],"replies":[{"embeddable":true,"href":"https:\/\/lugdunumascenseurs.com\/index.php\/wp-json\/wp\/v2\/comments?post=117"}],"version-history":[{"count":5,"href":"https:\/\/lugdunumascenseurs.com\/index.php\/wp-json\/wp\/v2\/pages\/117\/revisions"}],"predecessor-version":[{"id":384,"href":"https:\/\/lugdunumascenseurs.com\/index.php\/wp-json\/wp\/v2\/pages\/117\/revisions\/384"}],"wp:attachment":[{"href":"https:\/\/lugdunumascenseurs.com\/index.php\/wp-json\/wp\/v2\/media?parent=117"}],"curies":[{"name":"wp","href":"https:\/\/api.w.org\/{rel}","templated":true}]}}